9?
False
Is 8485665 a multiple of 4?
False
Is 1043967528 a multiple of 72?
True
Is 443420253 a multiple of 796?
False
Is 122 a factor of 69340015?
False
Is 39850032 a multiple of 1968?
True
Is 42 a factor of 815807178?
False
Is 511594872 a multiple of 108?
False
Does 201 divide 57369963?
False
Does 49 divide 17219423?
False
Does 1571 divide 166202820?
False
Does 41 divide 23957653?
True
Is 1020 a factor of 391074794?
False
Does 127 divide 601244111?
False
Is 11 a factor of 95229453?
True
Is 75361771 a multiple of 41?
False
Is 3131458536 a multiple of 1706?
True
Is 1944215 a multiple of 7?
True
Is 223 a factor of 125332913?
True
Is 9 a factor of 133105882?
False
Does 2 divide 41954666?
True
Is 378638968 a multiple of 4798?
True
Is 26560040 a multiple of 40?
True
Is 5091246 a multiple of 4?
False
Does 1005 divide 22327768?
False
Is 50462511 a multiple of 293?
True
Is 76 a factor of 133614004?
True
Is 174172274 a multiple of 86?
True
Is 204 a factor of 180045300?
True
Does 12 divide 65791020?
True
Does 794 divide 16277000?
True
Is 47019809 a multiple of 103?
True
Is 3410 a factor of 4417849370?
True
Does 230 divide 1389173090?
True
Is 214477919 a multiple of 108?
False
Does 3417 divide 7690410?
False
Does 29 divide 196397802?
True
Does 138 divide 132607650?
True
Does 4 divide 4781940?
True
Does 4 divide 2844170?
False
Does 46 divide 29903956?
True
Is 95 a factor of 5438750?
True
Is 225629070 a multiple of 593?
False
Does 279 divide 2105782?
False
Does 5665 divide 74103865?
True
Is 307 a factor of 329714316?
True
Is 3 a factor of 8154231?
True
Does 234 divide 15105402?
True
Does 243 divide 141248187?
False
Does 46 divide 331556592?
True
Is 54349604 a multiple of 853?
False
Does 78 divide 938414863?
False
Does 196 divide 1213305856?
True
Does 42 divide 263245856?
False
Does 1017 divide 236001329?
False
Is 3955 a factor of 1076776435?
True
Is 177429679 a multiple of 6?
False
Does 78 divide 27983436?
True
Is 398813220 a multiple of 1620?
True
Does 16 divide 77186647?
False
Does 82 divide 6984678?
True
Is 321 a factor of 1212276376?
False
Is 4517 a factor of 4615824184?
False
Does 1500 divide 255725512?
False
Does 2118 divide 974660404?
False
Is 141302911 a multiple of 4?
False
Does 2640 divide 11255174?
False
Does 134 divide 2455952?
True
Does 164 divide 243345340?
False
Does 77 divide 111999515?
False
Does 20 divide 12331160?
True
Is 159648792 a multiple of 4?
True
Does 11 divide 288916375?
True
Is 74365210 a multiple of 1835?
True
Is 6 a factor of 16252153?
False
Is 53 a factor of 15970985?
False
Is 410 a factor of 28640140?
True
Does 1764 divide 40310466?
False
Is 21 a factor of 487453634?
False
Is 965146112 a multiple of 3392?
True
Is 2170646684 a multiple of 94?
True
Is 305 a factor of 479627475?
False
Is 13 a factor of 30200479?
False
Is 4638743124 a multiple of 7859?
False
Is 13100538 a multiple of 209?
True
Is 4732683810 a multiple of 815?
True
Is 15992860 a multiple of 52?
True
Does 1689 divide 187818489?
True
Is 660 a factor of 244627041?
False
Is 498 a factor of 306668400?
True
Is 1138 a factor of 687948841?
False
Is 2111862631 a multiple of 36?
False
Does 516 divide 1425081385?
False
Is 763 a factor of 22885825?
False
Does 96 divide 193615776?
True
Is 44280444 a multiple of 51?
True
Is 38519975 a multiple of 1885?
True
Does 85 divide 52959845?
True
Is 941 a factor of 24888509?
True
Is 37778510 a multiple of 301?
True
Does 7 divide 448805900?
False
Is 138 a factor of 146590224?
True
Does 22 divide 4899178636?
True
Is 222999608 a multiple of 9?
False
Is 149978340 a multiple of 180?
True
Is 50 a factor of 31237114?
False
Is 41758656 a multiple of 5234?
False
Is 39706198 a multiple of 6?
False
Is 1928382396 a multiple of 60?
False
Does 1422 divide 21915864?
True
Does 17 divide 331782319?
True
Is 6021793 even?
False
Is 4 a factor of 443403?
False
Is 1014064912 a multiple of 17?
False
Does 29 divide 107735965?
False
Does 48 divide 1718016?
True
Is 1482 a factor of 681198336?
True
Does 906 divide 3178872?
False
Does 65 divide 106155465?
True
Does 377 divide 41416089?
True
Is 5759 a factor of 2719262678?
False
Is 7 a factor of 2642775?
False
Is 54 a factor of 573784290?
True
Does 21 divide 1175730707?
False
Does 447 divide 466816906?
False
Is 2820359 a multiple of 307?
False
Is 13 a factor of 1045189190?
False
Is 6504 a factor of 5144774568?
True
Is 4 a factor of 3876257?
False
Is 176316912 a multiple of 49?
False
Is 165 a factor of 136818499?
False
Is 20 a factor of 84062680?
True
Does 15 divide 43197570?
True
Does 1092 divide 644279421?
False
Does 8845 divide 396317915?
True
Does 204 divide 1467715330?
False
Is 40102928 a multiple of 1264?
True
Is 689663400 a multiple of 4395?
True
Does 3673 divide 82734325?
True
Does 881 divide 257322480?
True
Does 8989 divide 546908738?
True
Does 138 divide 28696962?
True
Is 304368595 a multiple of 15?
False
Does 393 divide 172979343?
True
Is 101 a factor of 21095006?
False
Does 12 divide 2964184716?
True
Does 4230 divide 383233770?
True
Does 3530 divide 283213863?
False
Is 410399304 a multiple of 6?
True
Is 635138284 a multiple of 92?
True
Is 4925280 a multiple of 10?
True
Is 23 a factor of 42065459?
True
Does 8 divide 1284056666?
False
Does 5 divide 1253527?
False
Does 164 divide 1310130645?
False
Does 242 divide 32291028?
True
Is 126 a factor of 100481656?
False
Does 165 divide 11290950?
True
Does 406 divide 93583649?
False
Is 124462635 a multiple of 1595?
True
Is 408506125 a multiple of 2193?
False
Is 103765332 a multiple of 317?
False
Is 60026556 a multiple of 1053?
False
Is 1961 a factor of 301237054?
True
Is 856 a factor of 308205368?
True
Is 3682 a factor of 98130646?
False
Is 29052943 a multiple of 2275?
False
Is 1227 a factor of 289492245?
True
Is 79815405 a multiple of 115?
True
Does 308 divide 1208316340?
True
Does 1479 divide 178497380?
False
Is 637726187 a multiple of 237?
False
Does 11938 divide 2218343036?
True
Does 49 divide 16799889?
False
Is 477859065 a multiple of 82?
False
Is 7853449408 a multiple of 8432?
False
Is 16845381 a multiple of 19?
True
Does 4 divide 35677298?
False
Is 50 a factor of 21972919?
False
Is 965377097 a multiple of 621?
False
Is 750 a factor of 8465250?
True
Is 542 a factor of 519038113?
False
Does 263 divide 726814965?
True
Does 796 divide 2224007036?
False
Is 35560469 a multiple of 2896?
False
Is 829181970 a multiple of 153?
True
Is 52 a factor of 242867924?
True
Is 2665797 a multiple of 27?
False
Is 18 a factor of 944788284?
True
Is 497 a factor of 85050902?
False
Is 33430420 a multiple of 267?
False
Is 379 a factor of 16140086?
False
Is 76359654 a multiple of 8?
False
Does 4819 divide 1188058253?
False
Is 2773516577 a multiple of 13?
True
Does 5009 divide 289805713?
True
Is 9 a factor of 231430385?
False
Is 5 a factor of 5817327?
False
Is 21 a factor of 120001688?
False
Is 6 a factor of 1312362?
True
Does 50 divide 66448350?
True
Does 53 divide 391581308?
False
Is 3873 a factor of 1263812319?
False
Is 15 a factor of 929310?
True
Is 15 a factor of 77142524?
False
Is 16405078 a multiple of 368?
False
Does 602 divide 12943000?
True
Does 342 divide 57268222?
False
Is 244435 a multiple of 3?
False
Does 8 divide 461716328?
True
Does 290 divide 127376120?
True
Does 50 divide 848245200?
True
Does 4054 divide 78493548?
True
Is 83 a factor of 69474569?
True
Is 484 a factor of 91551479?
False
Is 87 a factor of 52102821?
True
Does 620 divide 2081562998?
False
Is 27509250 a multiple of 50?
True
Is 82 a factor of 78594130?
True
Is 15271716 a multiple of 372?
True
Does 788 divide 89704344?
True
Is 478096751 a multiple of 174?
False
Is 126737177 a multiple of 1187?
True
Is 12 a factor of 91417920?
True
Is 15126360 a multiple of 932?
True
Is 25 a factor of 2101372025?
True
Does 6 divide 97307544?
True
Is 941 a factor of 2037394086?
False
Is 93570854 a multiple of 74?
True
Is 6778 a factor of 644011922?
False
Is 1710375732 a multiple of 78?
True
Does 747 divide 21732548?
False
Is 56220372 a multiple of 193?
False
Is 7 a factor of 172112087?
True
Does 1185 divide 728898029?
False
Does 319 divide 686154326?
True
Is 537223880 a multiple of 46?
True
Is 173 a factor of 4317046671?
True
Does 39 divide 83618376?
False
Does 84 divide 3345618276?
True
Is 475203898 a multiple of 62?
Tru